{"id":202,"date":"2018-06-07T09:34:36","date_gmt":"2018-06-07T09:34:36","guid":{"rendered":"http:\/\/obalynamiru.cz\/?page_id=202"},"modified":"2018-06-07T09:38:53","modified_gmt":"2018-06-07T09:38:53","slug":"sponzoring","status":"publish","type":"page","link":"https:\/\/obalynamiru.cz\/index.php\/sponzoring\/","title":{"rendered":"Sponzoring"},"content":{"rendered":"<h3><span style=\"color: #333333;\">V sou\u010dasn\u00e9 dob\u011b sponzorujeme kluby HC Dukla Jihlava, a HC Sv\u011btl\u00e1 nad S\u00e1zavou a pravideln\u011b p\u0159isp\u00edv\u00e1me klubu Stono\u017eka.<\/span><\/h3>\n<p><img loading=\"lazy\" decoding=\"async\" class=\"wp-image-203 alignleft\" src=\"http:\/\/obalynamiru.cz\/wp-content\/uploads\/2018\/06\/DUKLA-01-A-300x300.png\" alt=\"\" width=\"247\" height=\"247\" srcset=\"https:\/\/obalynamiru.cz\/wp-content\/uploads\/2018\/06\/DUKLA-01-A-300x300.png 300w, https:\/\/obalynamiru.cz\/wp-content\/uploads\/2018\/06\/DUKLA-01-A-150x150.png 150w, https:\/\/obalynamiru.cz\/wp-content\/uploads\/2018\/06\/DUKLA-01-A.png 550w\" sizes=\"auto, (max-width: 247px) 100vw, 247px\" \/> <img loading=\"lazy\" decoding=\"async\" class=\"wp-image-205 alignleft\" src=\"http:\/\/obalynamiru.cz\/wp-content\/uploads\/2018\/06\/unnamed-300x300.jpg\" alt=\"\" width=\"202\" height=\"202\" srcset=\"https:\/\/obalynamiru.cz\/wp-content\/uploads\/2018\/06\/unnamed-300x300.jpg 300w, https:\/\/obalynamiru.cz\/wp-content\/uploads\/2018\/06\/unnamed-150x150.jpg 150w, https:\/\/obalynamiru.cz\/wp-content\/uploads\/2018\/06\/unnamed-768x768.jpg 768w, https:\/\/obalynamiru.cz\/wp-content\/uploads\/2018\/06\/unnamed.jpg 900w\" sizes=\"auto, (max-width: 202px) 100vw, 202px\" \/> <img loading=\"lazy\" decoding=\"async\" class=\"wp-image-204 alignleft\" src=\"http:\/\/obalynamiru.cz\/wp-content\/uploads\/2018\/06\/images.jpg\" alt=\"\" width=\"205\" height=\"204\" srcset=\"https:\/\/obalynamiru.cz\/wp-content\/uploads\/2018\/06\/images.jpg 225w, https:\/\/obalynamiru.cz\/wp-content\/uploads\/2018\/06\/images-150x150.jpg 150w\" sizes=\"auto, (max-width: 205px) 100vw, 205px\" \/><\/p>\n","protected":false},"excerpt":{"rendered":"<p>V sou\u010dasn\u00e9 dob\u011b sponzorujeme kluby HC Dukla Jihlava, a HC Sv\u011btl\u00e1 nad S\u00e1zavou a pravideln\u011b p\u0159isp\u00edv\u00e1me klubu Stono\u017eka.<\/p>\n","protected":false},"author":1,"featured_media":0,"parent":0,"menu_order":0,"comment_status":"closed","ping_status":"closed","template":"fullwidth.php","meta":{"footnotes":""},"class_list":["post-202","page","type-page","status-publish","hentry"],"_links":{"self":[{"href":"https:\/\/obalynamiru.cz\/index.php\/wp-json\/wp\/v2\/pages\/202","targetHints":{"allow":["GET"]}}],"collection":[{"href":"https:\/\/obalynamiru.cz\/index.php\/wp-json\/wp\/v2\/pages"}],"about":[{"href":"https:\/\/obalynamiru.cz\/index.php\/wp-json\/wp\/v2\/types\/page"}],"author":[{"embeddable":true,"href":"https:\/\/obalynamiru.cz\/index.php\/wp-json\/wp\/v2\/users\/1"}],"replies":[{"embeddable":true,"href":"https:\/\/obalynamiru.cz\/index.php\/wp-json\/wp\/v2\/comments?post=202"}],"version-history":[{"count":6,"href":"https:\/\/obalynamiru.cz\/index.php\/wp-json\/wp\/v2\/pages\/202\/revisions"}],"predecessor-version":[{"id":214,"href":"https:\/\/obalynamiru.cz\/index.php\/wp-json\/wp\/v2\/pages\/202\/revisions\/214"}],"wp:attachment":[{"href":"https:\/\/obalynamiru.cz\/index.php\/wp-json\/wp\/v2\/media?parent=202"}],"curies":[{"name":"wp","href":"https:\/\/api.w.org\/{rel}","templated":true}]}}