{"id":57,"date":"2018-06-04T09:25:55","date_gmt":"2018-06-04T09:25:55","guid":{"rendered":"http:\/\/obalynamiru.cz\/?page_id=57"},"modified":"2018-06-07T09:02:30","modified_gmt":"2018-06-07T09:02:30","slug":"o-nas","status":"publish","type":"page","link":"https:\/\/obalynamiru.cz\/index.php\/o-nas\/","title":{"rendered":"O n\u00e1s"},"content":{"rendered":"<p><img loading=\"lazy\" decoding=\"async\" class=\" wp-image-147 alignleft\" src=\"http:\/\/obalynamiru.cz\/wp-content\/uploads\/2018\/06\/DSC_0043-300x199.jpg\" alt=\"\" width=\"328\" height=\"217\" srcset=\"https:\/\/obalynamiru.cz\/wp-content\/uploads\/2018\/06\/DSC_0043-300x199.jpg 300w, https:\/\/obalynamiru.cz\/wp-content\/uploads\/2018\/06\/DSC_0043-768x509.jpg 768w, https:\/\/obalynamiru.cz\/wp-content\/uploads\/2018\/06\/DSC_0043-1024x678.jpg 1024w\" sizes=\"auto, (max-width: 328px) 100vw, 328px\" \/>Na\u0161e firma byla zalo\u017eena v roce 1995 pod n\u00e1zvem PENOD. Na\u0161\u00ed hlavn\u00ed \u010dinnost\u00ed byla v\u00fdroba d\u0159ev\u011bn\u00fdch obal\u016f a polotovar\u016f. O rok pozd\u011bji jsme roz\u0161\u00ed\u0159ili sortiment o v\u00fdrobu obal\u016f z PE, VCI, bari\u00e9rov\u00fdch a jin\u00fdch druh\u016f teplem sva\u0159iteln\u00fdch f\u00f3li\u00ed. V sou\u010dasnosti jsme schopni z t\u011bchto f\u00f3li\u00ed vyrobit obal r\u016fzn\u00fdch tvar\u016f (pytle, plachty, p\u0159\u00ed\u0159ezy, 3D &#8211; obaly atd.) o rozm\u011brech od 0,2m do cca 12m. Obaly zhotov\u00edme na zak\u00e1zku ji\u017e od 1 ks a\u017e po tis\u00edcov\u00e9 s\u00e9rie.<\/p>\n<p>V roce 2009 jsme zalo\u017eili spole\u010dnost OBALY NA M\u00cdRU s.r.o..\u00a0 V tomto oboru m\u00e1me dlouholet\u00e9 zku\u0161enosti a kvalita je u n\u00e1s na prvn\u00edm m\u00edst\u011b. O tom sv\u011bd\u010d\u00ed i to, \u017ee 80 % na\u0161ich z\u00e1kazn\u00edk\u016f je z N\u011bmecka.<\/p>\n<p style=\"text-align: left;\">Velice rychle zareagujeme na V\u00e1\u0161 konkr\u00e9tn\u00ed po\u017eadavek a zhotov\u00edme V\u00e1m cenovou nab\u00eddku pop\u0159\u00edpad\u011b po\u0161leme vzorek. Dodac\u00ed term\u00edny jsou z\u00e1visl\u00e9 na objednan\u00e9m mno\u017estv\u00ed. Ve\u0161ker\u00e9 dal\u0161\u00ed informace V\u00e1m r\u00e1di poskytneme po telefonu, e-mailem, nebo V\u00e1s nav\u0161t\u00edv\u00edmeve Va\u0161\u00ed firm\u011b.<\/p>\n<p>&nbsp;<\/p>\n<p><img loading=\"lazy\" decoding=\"async\" class=\" wp-image-167 alignleft\" src=\"http:\/\/obalynamiru.cz\/wp-content\/uploads\/2018\/06\/3D-obal-225x300.jpg\" alt=\"\" width=\"122\" height=\"163\" srcset=\"https:\/\/obalynamiru.cz\/wp-content\/uploads\/2018\/06\/3D-obal-225x300.jpg 225w, https:\/\/obalynamiru.cz\/wp-content\/uploads\/2018\/06\/3D-obal-300x400.jpg 300w, https:\/\/obalynamiru.cz\/wp-content\/uploads\/2018\/06\/3D-obal.jpg 750w\" sizes=\"auto, (max-width: 122px) 100vw, 122px\" \/><\/p>\n<p><img loading=\"lazy\" decoding=\"async\" class=\"wp-image-179 alignleft\" src=\"http:\/\/obalynamiru.cz\/wp-content\/uploads\/2018\/06\/DSC_0052-300x199.jpg\" alt=\"\" width=\"247\" height=\"164\" srcset=\"https:\/\/obalynamiru.cz\/wp-content\/uploads\/2018\/06\/DSC_0052-300x199.jpg 300w, https:\/\/obalynamiru.cz\/wp-content\/uploads\/2018\/06\/DSC_0052-768x509.jpg 768w, https:\/\/obalynamiru.cz\/wp-content\/uploads\/2018\/06\/DSC_0052-1024x678.jpg 1024w\" sizes=\"auto, (max-width: 247px) 100vw, 247px\" \/> \u00a0 <img loading=\"lazy\" decoding=\"async\" class=\"wp-image-168 alignleft\" src=\"http:\/\/obalynamiru.cz\/wp-content\/uploads\/2018\/06\/3D-obaly-300x225.jpg\" alt=\"\" width=\"216\" height=\"162\" srcset=\"https:\/\/obalynamiru.cz\/wp-content\/uploads\/2018\/06\/3D-obaly-300x225.jpg 300w, https:\/\/obalynamiru.cz\/wp-content\/uploads\/2018\/06\/3D-obaly-768x576.jpg 768w, https:\/\/obalynamiru.cz\/wp-content\/uploads\/2018\/06\/3D-obaly.jpg 1000w\" sizes=\"auto, (max-width: 216px) 100vw, 216px\" \/>\u00a0\u00a0<img loading=\"lazy\" decoding=\"async\" class=\" wp-image-153 alignleft\" src=\"http:\/\/obalynamiru.cz\/wp-content\/uploads\/2018\/06\/DSC_0044-300x199.jpg\" alt=\"\" width=\"243\" height=\"161\" srcset=\"https:\/\/obalynamiru.cz\/wp-content\/uploads\/2018\/06\/DSC_0044-300x199.jpg 300w, https:\/\/obalynamiru.cz\/wp-content\/uploads\/2018\/06\/DSC_0044-768x509.jpg 768w, https:\/\/obalynamiru.cz\/wp-content\/uploads\/2018\/06\/DSC_0044-1024x678.jpg 1024w\" sizes=\"auto, (max-width: 243px) 100vw, 243px\" \/><\/p>\n<p>&nbsp;<\/p>\n","protected":false},"excerpt":{"rendered":"<p>Na\u0161e firma byla zalo\u017eena v roce 1995 pod n\u00e1zvem PENOD. Na\u0161\u00ed hlavn\u00ed \u010dinnost\u00ed byla v\u00fdroba d\u0159ev\u011bn\u00fdch obal\u016f a polotovar\u016f. O rok pozd\u011bji jsme roz\u0161\u00ed\u0159ili sortiment o v\u00fdrobu obal\u016f z PE, VCI, bari\u00e9rov\u00fdch a jin\u00fdch druh\u016f teplem sva\u0159iteln\u00fdch f\u00f3li\u00ed. V sou\u010dasnosti jsme schopni z t\u011bchto f\u00f3li\u00ed vyrobit obal r\u016fzn\u00fdch tvar\u016f (pytle,<a href=\"https:\/\/obalynamiru.cz\/index.php\/o-nas\/\" class=\"read-more\">Read More&#8230;<\/a><\/p>\n","protected":false},"author":1,"featured_media":0,"parent":0,"menu_order":0,"comment_status":"closed","ping_status":"closed","template":"fullwidth.php","meta":{"footnotes":""},"class_list":["post-57","page","type-page","status-publish","hentry"],"_links":{"self":[{"href":"https:\/\/obalynamiru.cz\/index.php\/wp-json\/wp\/v2\/pages\/57","targetHints":{"allow":["GET"]}}],"collection":[{"href":"https:\/\/obalynamiru.cz\/index.php\/wp-json\/wp\/v2\/pages"}],"about":[{"href":"https:\/\/obalynamiru.cz\/index.php\/wp-json\/wp\/v2\/types\/page"}],"author":[{"embeddable":true,"href":"https:\/\/obalynamiru.cz\/index.php\/wp-json\/wp\/v2\/users\/1"}],"replies":[{"embeddable":true,"href":"https:\/\/obalynamiru.cz\/index.php\/wp-json\/wp\/v2\/comments?post=57"}],"version-history":[{"count":25,"href":"https:\/\/obalynamiru.cz\/index.php\/wp-json\/wp\/v2\/pages\/57\/revisions"}],"predecessor-version":[{"id":184,"href":"https:\/\/obalynamiru.cz\/index.php\/wp-json\/wp\/v2\/pages\/57\/revisions\/184"}],"wp:attachment":[{"href":"https:\/\/obalynamiru.cz\/index.php\/wp-json\/wp\/v2\/media?parent=57"}],"curies":[{"name":"wp","href":"https:\/\/api.w.org\/{rel}","templated":true}]}}

O nás

<p><img loading="lazy" decoding="async" class=" wp-image-147 alignleft" src="http://obalynamiru.cz/wp-content/uploads/2018/06/DSC_0043-300x199.jpg" alt="" width="328" height="217" srcset="https://obalynamiru.cz/wp-content/uploads/2018/06/DSC_0043-300x199.jpg 300w, https://obalynamiru.cz/wp-content/uploads/2018/06/DSC_0043-768x509.jpg 768w, https://obalynamiru.cz/wp-content/uploads/2018/06/DSC_0043-1024x678.jpg 1024w" sizes="auto, (max-width: 328px) 100vw, 328px" />Naše firma byla založena v roce 1995 pod názvem PENOD. Naší hlavní činností byla výroba dřevěných obalů a polotovarů. O rok později jsme rozšířili sortiment o výrobu obalů z PE, VCI, bariérových a jiných druhů teplem svařitelných fólií. V současnosti jsme schopni z těchto fólií vyrobit obal různých tvarů (pytle, plachty, přířezy, 3D &#8211; obaly atd.) o rozměrech od 0,2m do cca 12m. Obaly zhotovíme na zakázku již od 1 ks až po tisícové série.</p>
<p>V roce 2009 jsme založili společnost OBALY NA MÍRU s.r.o..  V tomto oboru máme dlouholeté zkušenosti a kvalita je u nás na prvním místě. O tom svědčí i to, že 80 % našich zákazníků je z Německa.</p>
<p style="text-align: left;">Velice rychle zareagujeme na Váš konkrétní požadavek a zhotovíme Vám cenovou nabídku popřípadě pošleme vzorek. Dodací termíny jsou závislé na objednaném množství. Veškeré další informace Vám rádi poskytneme po telefonu, e-mailem, nebo Vás navštívímeve Vaší firmě.</p>
<p>&nbsp;</p>
<p><img loading="lazy" decoding="async" class=" wp-image-167 alignleft" src="http://obalynamiru.cz/wp-content/uploads/2018/06/3D-obal-225x300.jpg" alt="" width="122" height="163" srcset="https://obalynamiru.cz/wp-content/uploads/2018/06/3D-obal-225x300.jpg 225w, https://obalynamiru.cz/wp-content/uploads/2018/06/3D-obal-300x400.jpg 300w, https://obalynamiru.cz/wp-content/uploads/2018/06/3D-obal.jpg 750w" sizes="auto, (max-width: 122px) 100vw, 122px" /></p>
<p><img loading="lazy" decoding="async" class="wp-image-179 alignleft" src="http://obalynamiru.cz/wp-content/uploads/2018/06/DSC_0052-300x199.jpg" alt="" width="247" height="164" srcset="https://obalynamiru.cz/wp-content/uploads/2018/06/DSC_0052-300x199.jpg 300w, https://obalynamiru.cz/wp-content/uploads/2018/06/DSC_0052-768x509.jpg 768w, https://obalynamiru.cz/wp-content/uploads/2018/06/DSC_0052-1024x678.jpg 1024w" sizes="auto, (max-width: 247px) 100vw, 247px" />   <img loading="lazy" decoding="async" class="wp-image-168 alignleft" src="http://obalynamiru.cz/wp-content/uploads/2018/06/3D-obaly-300x225.jpg" alt="" width="216" height="162" srcset="https://obalynamiru.cz/wp-content/uploads/2018/06/3D-obaly-300x225.jpg 300w, https://obalynamiru.cz/wp-content/uploads/2018/06/3D-obaly-768x576.jpg 768w, https://obalynamiru.cz/wp-content/uploads/2018/06/3D-obaly.jpg 1000w" sizes="auto, (max-width: 216px) 100vw, 216px" />  <img loading="lazy" decoding="async" class=" wp-image-153 alignleft" src="http://obalynamiru.cz/wp-content/uploads/2018/06/DSC_0044-300x199.jpg" alt="" width="243" height="161" srcset="https://obalynamiru.cz/wp-content/uploads/2018/06/DSC_0044-300x199.jpg 300w, https://obalynamiru.cz/wp-content/uploads/2018/06/DSC_0044-768x509.jpg 768w, https://obalynamiru.cz/wp-content/uploads/2018/06/DSC_0044-1024x678.jpg 1024w" sizes="auto, (max-width: 243px) 100vw, 243px" /></p>
<p>&nbsp;</p>

<p>Naše firma byla založena v roce 1995 pod názvem PENOD. Naší hlavní činností byla výroba dřevěných obalů a polotovarů. O rok později jsme rozšířili sortiment o výrobu obalů z PE, VCI, bariérových a jiných druhů teplem svařitelných fólií. V současnosti jsme schopni z těchto fólií vyrobit obal různých tvarů (pytle,<a href="https://obalynamiru.cz/index.php/o-nas/" class="read-more">Read More&#8230;</a></p>
